True
Is 5 a factor of 3370?
True
Does 172 divide 51084?
True
Does 7 divide 154?
True
Is 5 a factor of 682?
False
Is 9 a factor of 3391?
False
Is 2 a factor of 304?
True
Does 21 divide 49119?
True
Is 12 a factor of 468?
True
Does 12 divide 564?
True
Is 252 a multiple of 6?
True
Does 9 divide 3753?
True
Is 1024 a multiple of 39?
False
Does 110 divide 10655?
False
Is 113 a multiple of 8?
False
Does 4 divide 52?
True
Does 146 divide 83170?
False
Does 12 divide 152660?
False
Does 55 divide 2012?
False
Is 32 a factor of 5120?
True
Does 47 divide 12799?
False
Is 836 a multiple of 3?
False
Is 660 a multiple of 32?
False
Is 150 a factor of 1350?
True
Is 936 a multiple of 3?
True
Is 5 a factor of 965?
True
Does 34 divide 1594?
False
Does 9 divide 435?
False
Does 23 divide 8579?
True
Is 736 a multiple of 16?
True
Does 146 divide 7757?
False
Is 4708 a multiple of 24?
False
Does 185 divide 22222?
False
Is 55 a factor of 990?
True
Is 13 a factor of 27001?
True
Is 1664 a multiple of 32?
True
Is 11086 a multiple of 23?
True
Is 2 a factor of 1540?
True
Is 37060 a multiple of 19?
False
Is 7 a factor of 621?
False
Does 140 divide 6663?
False
Is 90897 a multiple of 9?
False
Is 130 a multiple of 10?
True
Does 11 divide 293?
False
Does 71 divide 13277?
True
Does 15 divide 21285?
True
Is 1551 a multiple of 35?
False
Is 757 a multiple of 10?
False
Is 2 a factor of 804?
True
Is 8987 a multiple of 84?
False
Is 63 a multiple of 2?
False
Does 13 divide 336?
False
Is 21 a factor of 3066?
True
Does 34 divide 8942?
True
Does 30 divide 48115?
False
Is 2498 a multiple of 51?
False
Is 32 a factor of 8820?
False
Is 4211 a multiple of 37?
False
Is 1560 a multiple of 24?
True
Is 27 a factor of 4779?
True
Is 42318 a multiple of 18?
True
Is 4832 a multiple of 8?
True
Is 180547 a multiple of 525?
False
Is 4410 a multiple of 14?
True
Is 30 a factor of 1210?
False
Is 5 a factor of 7639?
False
Does 12 divide 57480?
True
Is 3560 a multiple of 20?
True
Is 1148 a multiple of 7?
True
Is 10 a factor of 3010?
True
Is 2639 a multiple of 61?
False
Does 4 divide 49471?
False
Does 18 divide 15386?
False
Is 6 a factor of 6?
True
Is 2975 a multiple of 73?
False
Is 32 a factor of 1777?
False
Is 77 a factor of 5847?
False
Is 1501 a multiple of 19?
True
Does 8 divide 85?
False
Is 2877 a multiple of 21?
True
Is 4 a factor of 585?
False
Is 20 a factor of 451?
False
Is 51 a factor of 77?
False
Does 185 divide 11655?
True
Does 7 divide 273?
True
Is 24640 a multiple of 88?
True
Is 78 a factor of 8092?
False
Is 63 a factor of 22412?
False
Is 16 a factor of 2416?
True
Does 12 divide 3203?
False
Does 42 divide 4452?
True
Is 5 a factor of 3570?
True
Does 8 divide 33008?
True
Does 18 divide 7128?
True
Is 18 a factor of 4518?
True
Is 130 a multiple of 3?
False
Does 33 divide 391?
False
Does 26 divide 479?
False
Does 4 divide 782?
False
Is 9090 a multiple of 101?
True
Is 44 a factor of 264?
True
Does 15 divide 3944?
False
Is 16 a factor of 276?
False
Is 14 a factor of 107369?
False
Does 9 divide 54945?
True
Is 23 a factor of 120?
False
Does 9 divide 33930?
True
Is 1120 a multiple of 28?
True
Is 15 a factor of 2145?
True
Is 16 a factor of 7307?
False
Is 739 a multiple of 21?
False
Is 11329 a multiple of 65?
False
Is 4992 a multiple of 104?
True
Does 16 divide 176?
True
Is 933 a multiple of 44?
False
Is 57 a factor of 7809?
True
Does 20 divide 300?
True
Does 15 divide 273?
False
Is 4 a factor of 1265?
False
Is 17 a factor of 799?
True
Is 848 a multiple of 106?
True
Is 18 a factor of 1296?
True
Is 205 a factor of 24695?
False
Is 111 a multiple of 44?
False
Is 103 a factor of 824?
True
Is 16820 a multiple of 145?
True
Does 20 divide 3860?
True
Is 173 a multiple of 4?
False
Does 66 divide 18744?
True
Does 37 divide 778?
False
Is 2 a factor of 312?
True
Does 28 divide 1260?
True
Is 17 a factor of 323?
True
Does 14 divide 6903?
False
Is 1787 a multiple of 107?
False
Does 20 divide 66020?
True
Does 3 divide 27553?
False
Is 20 a factor of 840?
True
Does 36 divide 720?
True
Does 11 divide 9779?
True
Does 10 divide 2966?
False
Is 145 a multiple of 5?
True
Is 98384 a multiple of 44?
True
Is 7686 a multiple of 2?
True
Is 1599 a multiple of 30?
False
Does 37 divide 259?
True
Does 14 divide 754?
False
Does 12 divide 8388?
True
Does 15 divide 2490?
True
Does 9 divide 5751?
True
Is 31 a factor of 2057?
False
Is 1260 a multiple of 20?
True
Is 11 a factor of 55?
True
Is 107 a factor of 671?
False
Does 16 divide 608?
True
Does 19 divide 14630?
True
Does 16 divide 40?
False
Is 9 a factor of 25773?
False
Is 4578 a multiple of 42?
True
Does 51 divide 2448?
True
Is 90 a multiple of 15?
True
Does 10 divide 3350?
True
Is 4 a factor of 6239?
False
Is 1290 a multiple of 10?
True
Does 5 divide 350?
True
Is 61014 a multiple of 8?
False
Is 24 a factor of 109371?
False
Is 12 a factor of 64?
False
Does 4 divide 11756?
True
Is 13650 a multiple of 70?
True
Is 14 a factor of 1584?
False
Is 86 a factor of 1609?
False
Is 45111 a multiple of 11?
True
Does 22 divide 180?
False
Is 699 a multiple of 10?
False
Does 10 divide 34150?
True
Does 8 divide 1342?
False
Does 22 divide 33748?
True
Is 16371 a multiple of 107?
True
Does 10 divide 2615?
False
Is 31 a factor of 310?
True
Is 1094 a multiple of 15?
False
Is 2 a factor of 70?
True
Does 2 divide 8594?
True
Does 5 divide 540?
True
Is 19437 a multiple of 11?
True
Is 24706 a multiple of 3?
False
Is 12 a factor of 19?
False
Does 23 divide 5578?
False
Is 28 a factor of 308?
True
Is 143 a factor of 29887?
True
Does 7 divide 4369?
False
Is 8 a factor of 2984?
True
Does 137 divide 19483?
False
Is 57 a factor of 21266?
False
Is 1234 a multiple of 5?
False
Is 858 a multiple of 33?
True
Does 8 divide 1398?
False
Is 2965 a multiple of 2?
False
Is 7 a factor of 16905?
True
Is 9 a factor of 552?
False
Is 2982 a multiple of 17?
False
Is 459 a multiple of 27?
True
Is 14 a factor of 252?
True
Does 195 divide 11816?
False
Is 7 a factor of 111?
False
Does 15 divide 630?
True
Does 43 divide 1435?
False
Is 5252 a multiple of 101?
True
Is 445 a multiple of 15?
False
Is 2577 a multiple of 36?
False
Does 13 divide 441?
False
Does 5 divide 7680?
True
Is 9768 a multiple of 222?
True
Is 9 a factor of 8251?
False
Is 12 a factor of 1623?
False
Does 10 divide 19758?
False
Is 9926 a multiple of 64?
False
Is 4 a factor of 168?
True
Is 82 a factor of 22010?
False
Is 42419 a multiple of 251?
True
Does 35 divide 211?
False
Is 15 a factor of 2595?
True
Is 49507 a multiple of 31?
True
Does 6 divide 882?
True
Is 1331 a multiple of 11?
True
Is 10360 a multiple of 179?
False
Does 6 divide 6210?
True
Is 42112 a multiple of 128?
True
Does 9 divide 1268?
False
Is 4517 a multiple of 132?
False
Is 97 a factor of 23474?
True
Is 359 a multiple of 3?
False
Is 42 a factor of 2856?
True
Is 101 a factor of 677?
False
Is 2647 a multiple of 40?
False
Does 11 divide 19239?
True
Is 17 a factor of 3434?
True
Is 8021 a multiple of 35?
False
Does 37 divide 6177?
False
Is 16 a factor of 165840?
True
Is 47070 a multiple of 90?
True
Is 4344 a multiple of 8?
True
Is 15 a factor of 4097?
False
Is 31 a factor of 2263?
True
Is 28 a factor of 812?
True
Is 5167 a multiple of 117?
False
Does 33 divide 328?
False
Is 2 a factor of 476?
True
Is 55991 a multiple of 10?
False
Is 9 a factor of 351?
True
Does 95 divide 7138?
False
Is 25 a factor of 117151?
False
Does 5 divide 2964?
False
Is 546 a multiple of 39?
True
Is 21 a factor of 431?
False
Is 18 a factor of 162?
True
Is 53 a multiple of 16?
False
Is 1306 a multiple of 3?
False
Is 11 a factor of 42459?
False
Is 33 a factor of 75?
False
Does 102 divide 7344?
True
Is 35 a factor of 8260?
True
Does 110 divide 45016?
False
Is 23 a factor of 11960?
True
Does 29 divide 3712?
True
Does 6 divide 241?
False
Does 24 divide 169?
False
Does 41 divide 17796?
False
Is 1947 a multiple of 33?
True
Is 128 a factor of 23434?
False
Is 36 a factor of 1049?
False
Does 11 divide 4030?
False
Is 3504 even?
True
Is 17 a factor of 16189?
False
Is 34 a factor of 18666?
True
Is 1032 a multiple of 14?
False
Is 220 even?
True
Is 37 a factor of 9306?
False
Does 19 divide 492?
False
Does 17 divide 1325?
False
Does 29 divide 7598?
True
Is 26448 a multiple of 48?
True
Does 41 divide 911?
False
Is 146 a factor of 17082?
True
Is 804 a multiple of 2?
Tru